culate the greatest common factor of w and 70.
10
Let h be (-6)/(-27) + (-1209)/(-27). What is the highest common divisor of h and 9?
9
Let d = -13 + 13. Suppose d = 5*a - 3 - 2. What is the greatest common divisor of 5 and a?
1
Let h(m) = m**3 - 4*m**2 + 1. Let q be h(4). Let n(r) = -r**2 - 4*r + 4. Let w be n(-4). Let z = 13 - w. What is the highest common factor of z and q?
1
Suppose 0 = -4*o - 5*f, -3*o + 4*f = -0*o - 31. Suppose -o*b + 119 - 39 = 0. Let v = -1 + 3. What is the greatest common divisor of b and v?
2
Let z = 0 - -7. Let a = 20 + -12. Let w be (-23)/(-1) + (-16)/a. What is the greatest common factor of z and w?
7
Let w be (-2 - (-135)/3) + -1 + 0. Suppose 0 = -3*b + 7*b - 112. Calculate the greatest common factor of w and b.
14
Suppose 0 = -t - 3*v + 21, -3*t - 4*v = -0*v - 48. What is the greatest common factor of 60 and t?
12
Let o = 40 + -28. Let s(p) = p**3 - 7*p**2 + p - 1. Let c be s(6). Let l = -7 - c. Calculate the greatest common factor of o and l.
12
Let v(r) = r**3 - 8*r**2 + r - 10. Let z be v(9). Calculate the highest common divisor of 10 and z.
10
Suppose n - 133 = -j, -n - 281 = -0*j - 2*j. What is the highest common divisor of j and 6?
6
Let x = 5 - -11. What is the highest common divisor of x and 144?
16
Let i = 54 + -35. What is the greatest common divisor of 133 and i?
19
Let d(v) = v**2 + v. Let q be d(-4). Let i be (-2)/2 - (-24 - -1). Let w = 46 - i. What is the greatest common factor of w and q?
12
Let b be (0 - -1 - -111) + 8/(-4). Calculate the highest common divisor of b and 22.
22
Suppose -r - 30 = -6*r + o, -20 = 4*o. Suppose 0 = -v + 3*d + 20, v + 3*d + r = d. Let m = -56 + 96. Calculate the greatest common factor of v and m.
5
Let h(f) = -33*f + 11. Let z be h(-3). Calculate the greatest common factor of 10 and z.
10
Let m(t) = -t**3 + 10*t**2 - 16*t + 18. Let u be m(8). Calculate the greatest common divisor of u and 36.
18
Let a(v) = -v**3 + 10*v**2 + 10*v + 35. Let u be a(11). What is the greatest common factor of 264 and u?
24
Let g = 25 + -10. What is the greatest common divisor of g and 6?
3
Suppose 2*o - 176 = 3*s, 4*s = -2*o + 26 + 136. What is the highest common factor of o and 17?
17
Suppose 5*a + 5*v = 5, -a + 4*v + 20 = 3*a. Calculate the greatest common divisor of a and 12.
3
Suppose -4 = 4*a + 4. Let s = a - -4. Let c be 29/s - (-4)/8. What is the highest common factor of 6 and c?
3
Let s = -91 - 23. Suppose 0 = 4*j - j + 45. Let z be s/j - (-4)/10. What is the greatest common divisor of 40 and z?
8
Suppose g = 10 + 1. What is the highest common factor of g and 33?
11
Let a = 39 + -37. What is the greatest common factor of 14 and a?
2
Let p = 2 - 7. Let g = p - -14. What is the greatest common divisor of 81 and g?
9
Suppose 3*f - 2*f = -1. Let h = -2 - f. Let b(s) = -7*s**3 - 2*s**2 - s. Let j be b(h). What is the highest common divisor of j and 54?
6
Suppose -16 - 24 = -4*s. What is the greatest common factor of 25 and s?
5
Suppose 43 = 3*k - 0*k - 5*v, 0 = 5*k - 4*v - 63. Calculate the greatest common factor of 11 and k.
11
Let f be 32/6*(-18)/(-4). Let z = 20 + -14. Calculate the highest common divisor of f and z.
6
Let s be (2/(-1) + 2)/(-1). Let p = s - -1. Let h be (-3)/6*-4 + 3. Calculate the highest common divisor of h and p.
1
Suppose 2*q + 8 = 14. Suppose q*n - 45 = -2*n. What is the highest common factor of 27 and n?
9
Let h(z) = -31*z**3 + 2*z**2 - 2*z + 1. Let w be h(1). Let q be (w/(-25))/(2/210). Let t = 21 - 7. Calculate the greatest common divisor of q and t.
14
Let m = -16 - -16. Suppose k + 5 - 22 = m. What is the greatest common divisor of 136 and k?
17
Suppose 105 = -0*r + 5*r. Suppose 5*n = 17 - 2. What is the highest common divisor of r and n?
3
Suppose -96 = -4*i + 2*g, 0 = 2*i - g - 3*g - 42. Calculate the greatest common divisor of 325 and i.
25
Let r(m) = 3*m + 15. Let y be r(-14). Let f = y + 39. Calculate the greatest common factor of f and 24.
12
Let p(u) be the first derivative of u**3 + 2*u**2 + 3*u + 3. Let z be p(-4). Calculate the greatest common divisor of 7 and z.
7
Let j be (-4)/5*(-25)/10. What is the greatest common divisor of 2 and j?
2
Suppose 15 = -5*m + 120. Calculate the highest common factor of 189 and m.
21
Let q = 24 - 17. Let o(v) = v**2 + v + 4. Let s be o(q). Calculate the greatest common divisor of s and 12.
12
Let c(i) = -55*i. Let j be c(-2). Let h(x) = x**3 - 2*x**2 + 3*x + 4. Let g be h(3). Calculate the highest common divisor of g and j.
22
Let p(f) = -f + 4. Let v be p(2). Calculate the highest common factor of 3 and v.
1
Let u = -4 - -9. Suppose 45 = 5*k - u. Let b = 24 + 6. Calculate the greatest common factor of b and k.
10
Suppose 3*c + 12 = 111. Calculate the greatest common factor of c and 11.
11
Let u be 13 + (3 - 1) + 1. Calculate the greatest common divisor of 2 and u.
2
Suppose -5*o + 146 = -74. Let p = o - 30. What is the greatest common divisor of 112 and p?
14
Suppose -2*q = -5*q + 78. Suppose 4*l + 6 = -4*d + 30, 3*l = 2*d - 2. Let k = l + q. Calculate the greatest common factor of 42 and k.
14
Suppose 2*b = 2 + 4, -2*b - 15 = -3*r. Suppose r*o - 10 = 2*o. Calculate the highest common divisor of 22 and o.
2
Suppose 4*k + 3 = -1. Let g be (294/9)/(k/3). Let l = -43 - g. What is the highest common factor of 11 and l?
11
Let t(v) = 3*v**2 + 2*v. Let b be t(3). Suppose -30 = -3*m + 3. Calculate the highest common divisor of m and b.
11
Suppose -3*w + 12*w = 36. Let v be 2 - ((-2)/1 + -32). Calculate the greatest common divisor of w and v.
4
Suppose -4*w = -0*w - 48. Let c = -8 - -18. Let b be 5*3*8/c. What is the highest common factor of w and b?
12
Suppose 4*i - 1 = x, 3*i - 27 = -5*x + 7*i. Let l(t) be the second derivative of t**3/2 + 4*t. Let q be l(x). What is the greatest common divisor of q and 7?
7
Let x(t) = 13*t**3 + 2*t**2 - t - 2. Let c = 2 - 0. Let u be x(c). What is the greatest common factor of 12 and u?
12
Let v(q) = -q**2 - 2*q - 37. Let u be v(0). Let n = u - -81. Calculate the greatest common divisor of n and 4.
4
Suppose -6 = -2*b, x - 2*b + 3*b = 39. Let y be (-8)/(-28) - (-61)/7. Calculate the greatest common divisor of x and y.
9
Let m(l) = -l**3 + 2*l**2 + 8*l - 7. Let s be m(5). Suppose -4*o + 5*r + 280 = 0, -2 + 14 = 3*r. Let f = o + s. Calculate the highest common factor of 3 and f.
3
Suppose 0 = -4*j + 17 + 15. Calculate the greatest common factor of 4 and j.
4
Let p be (-1312)/(-112) + 4/14. Calculate the highest common factor of 30 and p.
6
Suppose -q + 6 = -2. Let f(h) = -h**3 + 8*h**2 + 3*h - 9. Let o be f(q). Calculate the greatest common divisor of o and 165.
15
Let i(a) = 64*a - 7. Let l be i(2). What is the highest common factor of l and 11?
11
Suppose -14*x + 19*x = 40. What is the greatest common divisor of 16 and x?
8
Suppose 3*p + 2*a - 44 = 71, 2*p - 62 = -5*a. Let w be (-16)/1 - 2/(-2). Let b = p - w. Calculate the greatest common divisor of 7 and b.
7
Let d be (0 + (-1)/(-1))*-3. Let z(o) = -o**2 - 15 + 6 + 6 + 5 - 5*o. Let b be z(d). What is the highest common factor of b and 40?
8
Let i(v) = v**2 + 5*v + 11. Let q be i(-8). Suppose 2*n + 2*b - 38 = 4*b, n = -3*b + 39. Let g = n - 17. Calculate the highest common divisor of g and q.
7
Let k = -3 + 1. Let s be (3/(-9))/(k/90). Calculate the greatest common divisor of 15 and s.
15
Let u be ((-2)/(-3))/((-1)/3). Let v be 3*(u - (-14)/3). Let r(i) = 7*i + 10. Let w be r(2). What is the highest common factor of v and w?
8
Let a be 2 - 1 - 42/6. Let v be 10/((-10)/a - 1). Calculate the greatest common factor of v and 165.
15
Let m be 69*((-10)/(-6) - 1). Suppose -5*c = 5*t - 46 - 74, -m = -2*t - 4*c. What is the highest common divisor of 10 and t?
5
Suppose 5*f + 12 - 2 = 0. Let m = 1 - f. Suppose 0*y - m*s = -4*y + 100, -y - 2*s = -14. What is the greatest common factor of 44 and y?
22
Suppose 0 = -m - 2*m. Suppose m = x - 11. Suppose 0 = 2*k - 4*c - 18 - 168, -3*k + 306 = 3*c. Calculate the greatest common factor of k and x.
11
Suppose 2*k - 4 = 8. Let i = 5 - k. Let m(f) = -22*f**3 + 2*f + 1. Let y be m(i). What is the greatest common divisor of y and 14?
7
Let a(l) = l + 1. Let c(q) = q + 5 - 5 + 1 + 0. Let z(v) = -a(v) + 2*c(v). Let b be z(4). What is the greatest common factor of 25 and b?
5
Let g(n) = 54*n + 1. Let p 